 -8)).
31
Evaluate -8 - -2 - (-2 + (-3 - (10 + -5)) - 7).
11
What is the value of (102 - 121) + (-29 - -4) - -4?
-40
What is the value of -27 + (94 - (-2 + 94))?
-25
(3 - (-2 - 2) - 7) + (-6 - (-11 + -4))
9
What is -36 + (0 - -3) - ((12 - (18 - 12)) + -11)?
-28
5 - (58 - 30) - -21
-2
13 - 4 - (88 - 40 - 26)
-13
What is (88 - 21) + 128 + -173?
22
Calculate 132 + (-131 - 19) - (-107 - 2).
91
What is -20 - ((-5 - -43 - 48) + 37)?
-47
Calculate (-1047 - -988) + (-44 - -43 - ((2 - 1) + -10)).
-51
What is -8 - (6 - 6) - 35 - ((-1 - 7) + 4)?
-39
Calculate 0 - 13 - (1 - (-6 + -20)).
-40
Calculate -40 + (39 - -12) + -41.
-30
Evaluate -15 + (41 - (-23 - -15)).
34
What is the value of 6 - (23 - (5 - 10) - 12) - (-31 - 2)?
23
61 - (23 + 0 - (-68 - (93 + -193)))
70
What is the value of (0 - -1 - (-9 + 0)) + 2219 + -2307?
-78
What is (-6 - (6 + -6 + 4 + 4)) + 12?
-2
What is the value of -1 - 0 - (13 + (-1 - 24)) - 44?
-33
What is (7 - 92 - (44 + -50)) + (-2 - -17)?
-64
What is the value of 24 - (69 - 51) - (-1 - (0 + (2 - -1)))?
10
Evaluate 61 - 91 - (-49 + 10).
9
(2 - -2) + -4 + 579 + -679
-100
Calculate 14 - ((-12 - -10) + 1 - -9) - (-1 + 27).
-20
(134 - 97) + (0 - 61 - 1)
-25
Evaluate 13 + (-24 - 3) - -4 - (-10 - (1 + -2)).
-1
Evaluate -14 + 6 + 3 - (93 - (5 + (10 - 19))).
-102
What is 1967 + -1958 + (1 + -3 + 5 - -16)?
28
Calculate -98 + 8 - (-17 + -1).
-72
35 - ((50 - -43) + -135)
77
11 + 18 + (105 + -108 - (-4 + 1))
29
Evaluate 2 + -41 - (28 + -2 + -3 + -16).
-46
What is (-8 - -16) + (1 + 0 - (47 - (5 + 32)))?
-1
What is (-138 - -65) + -13 + 152?
66
Calculate (14 - (-147 + 27 + 4)) + -17.
113
What is 9 - (-10 + 1 + 27) - (0 + 3 + -59)?
47
Calculate -31 - 26 - (-1 - (-4 - 0) - (408 - 412)).
-64
Calculate -1 + -27 + -287 + 351.
36
Evaluate (-2 - (-5 + -1)) + (-66 - 3) + -38 + 53.
-50
What is (-7 - (-15 + -1)) + (-75 - (-6 + -5)) + 3?
-52
What is 11 - (9 + 2) - (8 + -2 + -67 - -9)?
52
Calculate (-41 - (-22 - (-92 + 41))) + -13.
-83
What is (-5 - -8) + (-25 + 4 - -11 - (3 - -74))?
-84
(-92 - (70 + -60)) + 51
-51
Calculate (-7 + 84 - 87) + (-1 - 5).
-16
What is 14918 + -15045 + ((-1 - -2) + -3 - (21 - 10))?
-140
Calculate -47 + 58 + (4 + -10 + 13 - 66).
-48
Evaluate (-8206 - -8215) + (1 - 3 - -19).
26
Evaluate (13 - (-2 - -4 - 29)) + -22.
18
Evaluate -164 - -137 - (-7 + -3) - (1 - 10).
-8
What is (-12 - (15 + -12)) + -5 + -37?
-57
Evaluate 2 + 201 + -118 + 18.
103
Calculate 79 + (-36 - 42) + 31.
32
Calculate -1068 + 1016 - (-3 - (-1 + 2 + 2)).
-46
What is the value of (-2 - (-25 + -1 + 0)) + (-74 - (8 + -83))?
25
What is the value of 2 + -32 - (-16 + -5 + (-2 - (0 + -11)))?
-18
What is the value of -12 + ((-4 - -21) + -8 - 8 - (19 + -10))?
-20
Calculate (22 + -30 - (-2 + 0 + 5 + 2)) + -8.
-21
Calculate (601 - 562) + -49 + 4.
-6
What is the value of -27 + (2 + 111 - (95 + -102))?
93
Calculate (80 - -3 - 9) + (64 - 89).
49
What is -67 - (40 + -43) - 1?
-65
What is the value of -28 + (-15 - (-2 - -2) - -1) + 2?
-40
What is the value of -20 - (-34 + 57) - -35?
-8
Evaluate (-40 + -13 - 14) + 2 + (6 - 5 - -11).
-53
Calculate -25 + (-7 - -46) + -26 - -77.
65
What is the value of -13 + (0 - 0) + 1 + 35 + (-298 - -226)?
-49
Calculate 5 + 26 + -22 + -18 + 49 + -1.
39
-18 + -1 - (3101 - 3136)
16
Evaluate 4 + -62 + 3 + (5 + 1 - (-19 - -13)).
-43
Evaluate (22 - 1) + -19 - (-4 + 73 + -8).
-59
What is -4 + (-26 - 0) + -3 - (19 - (-4 + 25))?
-31
-69 - (-108 + 110) - (0 + 2 - 3 - -2)
-72
Calculate (2 - (3 - 2) - -2 - 1) + (450 - 449).
3
What is the value of -68 - ((-33 - -16) + -12 + 63)?
-102
Calculate -43 + 82 - 21 - 40.
-22
160 + -197 - (-4 - (62 - 7))
22
Calculate 15 + (14 + -8 - 11) - -4 - 53.
-39
What is the value of (71 - (157 + -56)) + (-106 - -1)?
-135
(2 + 0 - (18 - 69)) + 1 - (85 - 81)
50
8 + -1 - (-1819 + 1831)
-5
What is (-2 - -9) + (-168 - -136) + 6 + -20?
-39
What is -77 + 104 + -76 + 3 - -17?
-29
Evaluate (1 - -42) + (-620 - -605) - (-11 + 0).
39
What is -19 - -8 - ((11 - (6 + -7 + 10)) + 29)?
-42
What is 0 + 131 + -124 + (117 - 5)?
119
Calculate (89 - (-18 + 37)) + -16 + 9 + (2 - -2).
67
7 + 5 + -14 - (62 + -90)
26
1 + 6 - ((42 - 27) + -11) - -40
43
-3 - -1 - ((-183 - -476) + -355)
60
What is -72 - (-4 + 0 - (7 + -21) - 7)?
-75
0 + -6 - (-24 + (-4 - 14 - -2) + -8)
42
Calculate (-25 - -1) + -28 + 42 + 76.
66
38 + 2 + 19 + (47 + -80 - -32)
58
Calculate 87 + 11 + -108 - 99.
-109
What is 3 + (-15 - 6) + 14 + -10 + 11?
-3
What is 0 + 62 + -53 + 58?
67
46 + 1 + (-320 - -167) + 178
72
Calculate 1 + -10 - (71 - (3 - -26)).
-51
Evaluate 12 - -3 - (-1 - (-1 - 3) - (108 - 113)).
7
39 - (-5 + 0 + 5) - (88 + -78)
29
What is (4 - -7) + 20 + 6 + -20?
17
Calculate (-143 - (69 + -97)) + 103.
-12
What is the value of (-3 - (-2 - (-3 - 2))) + 293 + -275?
12
Evaluate -106 + (22 - (-10 + -35)).
-39
5 - ((-2 - 9 - (11 + -6 + -15)) + 35)
-29
What is -12 + (15 - (-8 - (7 + -24))) + 53?
47
-196 - (-79 - 2) - -57
-58
Evaluate -4 - -9 - (5 + 18) - (6 - 4).
-20
What is the value of 10 + -10 - (9 + -1) - (41 + (-5 - 38))?
-6
What is -6 + (-22 + 2 - (21 + (-61 - -60)))?
-46
Evaluate -6 - (4 - (-87 + 63)).
-34
What is (-39 - (18 - 13)) + 61?
17
Evaluate -11 + (-9 - 1) + (22 - (28 - 5)) + 9.
-13
Calculate -80 - (3 + (-23 - 8) + 31).
-83
1217 + -1188 - (-3 + -44)
76
What is 2 - 8 - -12 - 11 - 40?
-45
Evaluate 3 + 10 - (-185 - (-39 + -41)).
118
Calculate -21 + (29 - (21 + (5 - 2))).
-16
What is -391 - -387 - (-7 - (-12 + -2) - (0 - 0))?
-11
Evaluate -74 + (-6 - -88) + (-49 - (2 + 5 + -3)).
-45
Calculate 4 - (-36 + 42 + 13 + -20).
5
What is the value of (-1163 + 1023 - (0 - 19)) + 30?
-91
What is the value of (-25 - (-36 + 47)) + 79?
43
What is -34 + 8 + 79 + -76?
-23
Calculate (7 - -1 - -89) + -402 + 428.
123
Calculate 20 + -11 + -12 + (-13 - -22) + 42.
48
(-26 - (-65 - -43)) + -138 - -28
-114
Evaluate 2 + 29 + (-27 - (-23 - -9)).
18
What is the value of 114 + -58 + -119 + 67?
4
3 + (-2 + -5 - 5) + (97 - 27)
61
What is the value of (1 - 32) + (-526 - -584)?
27
Calculate (134 - 94) + 70 + -13.
97
Evaluate 7 - (-7 - -27 - 22) - (-3 - -1) - 75.
-64
6 + 0 - 5 - (-2 - 3 - (-64 - -17))
-41
Calculate -2160 - -2312 - (78 - 0).
74
What is the value of (1 - 56) + (-12384 - -12440)?
1
6 - (19 + -7 - (36 + 0))
30
What is the value of 3 - ((-13 - -18) + -2 + 2 + -9) - 57?
-50
Calculate -75 + -2 + -107 + 78.
-106
Calculate (62 - -140) + -59 - 136.
7
What is -72 + 4 - ((2 - (-10 - -25)) + 1)?
-56
What is -3 + (-8 + 31 + -13 - (-4 + 15))?
-4
Evaluate (86 - (0 + -2)) + -18 + 66 + (-40 - 4).
92
Evaluate (-23 - (-1 - -5)) + 19 - (-1 + -43).
36
Calculate -19 - 10 - ((-15 - (-7 + 4)) + 9 + -9).
-17
Evaluate 7 - (18 + 7 + 3 + 12).
-33
Calculate 6 + -26 + -39 + 32.
-27
74 - 111 - (-4 - 10)
-23
Evaluate 45 - ((-10 - -54) + (-163 - -63)).
101
What is the value of -89 + -1 + -3434 + 3484?
-40
Calculate -12 + -4 + 6 + (-11 + -4 + 4 - 5).
-26
Calculate (3 - -7) + 11 + 57 + -59.
19
Evaluate 6 - (1 + -2) - (-43 + 21 + (88 - 40)).
-19
-22 + -7 + 9 - (10 + (-18 + 7 - 9))
-10
What is the value of -105 + 147 + (2 - -1)?
45
What is the value of -17 - -11 - (20 - (20 + 16))?
10
-37 + -82 - (-60 + -182)
123
Calculate -24 + -64 + 111 - -30.
53
(-7 - (-7 + 1 - (-21 - -12))) + -43 - 2
-55
Evaluate 33 + 2 - (-53 + 73).
15
What is the value of -27 + 29 + -10 + (14 - 9) + -21?
-24
What is the value of 79 + -21 + 30 + -66 + -115 + -1?
-94
Evaluate 9 - ((2 - -170) + (-10 - (-63 + 19)) + -46).
-151
What is the value of 44 + 0 + -1 - (-12290 - -12275)?
58
What is the value of 11 - 0 - (39 - -13 - -7 - 56)?
8
(-29 - (1 - -1) - 1) + (-52 + 159 - 105)
-30
Evaluate -11 + (9 - (-3 + 13 + -8 + 11 + -4)).
-11
Calculate (-20 - -34 - 53) + 12.
-27
What is 31 + (-4 + -7 - (-35 - -21))?
34
Calculate (28 - (2 + -13 + 28)) + 38 + 0.
49
Evaluate -13 + -6 + (32 + -9 - 27).
-23
Evaluate -61 - 8 - (119 - 204).
16
(18 - 0) + -96 + (111 - -43)
76
What is the value of (-1 - -81 - (87 - 74)) + 12 + -9?
70
-4057 - -4126 - (1 - 8)
76
What is the value of -2 + (46 - 9 - 24) + 64?
75
What is the value of 25 + (31 - (-28 - -165))?
-81
What is the value of -8 + -11 + 4 + -4 + 1 + -3?
-21
Evaluate -3 + 90 - (-2441 - -2508).
20
Calculate -3 - (-16 - -4) - 22 - 22.
-35
What is 3 + (5 - (-7 - (-40 + -2 + -5)))?
-32
Evaluate 79 + -11 + 126 + -120.
74
Evaluate (-